**3 - 5*p**2 + p + 4. Give q(i).
-1
Let u(g) = g**2 + 2*g - 4. Let s be u(-4). Let z(q) = -s*q**3 + 4*q**3 - q**3 + 9*q + 3*q**2 - 4*q. Suppose b = 4*b - 15, -5*a - b + 25 = 0. Give z(a).
4
Let z(x) be the third derivative of x**5/60 - 7*x**4/24 + x**3/2 - 3*x**2 - 2*x. What is z(7)?
3
Let f(t) = 9*t**2 - t - 19. Let r(m) = -4*m**2 + m + 9. Let q(c) = -3*f(c) - 7*r(c). Calculate q(6).
6
Let w be (-62)/(-12) + 1/(-6). Suppose 2*l = w*l. Let c(m) = -m + 10. What is c(l)?
10
Let w(k) = -3*k + 5*k - k - 3. Give w(3).
0
Suppose 20 = 5*i - 0*i. Let t(r) = -8*r**3 + 2*r**2 - 29*r + 20. Let a(g) = -3*g**3 + g**2 - 10*g + 7. Let q(v) = 11*a(v) - 4*t(v). What is q(i)?
5
Let v be 3/12 - (-138)/24. Let f(t) = -t - 3*t + 3*t - v. Give f(0).
-6
Let p(a) be the first derivative of 3 + 0*a + 4/3*a**3 + 1/2*a**2 + 1/4*a**4. Calculate p(-3).
6
Let m(p) be the second derivative of -p**6/120 - p**5/60 - 3*p**3/2 - p**2/2 + 9*p. Let t(q) be the first derivative of m(q). Calculate t(0).
-9
Suppose 9*u - 6*u + 6 = 0. Suppose -2*l = -3 - 5. Let y(v) = -l*v - 3 + 0 + 2. What is y(u)?
7
Suppose -4*n - 24 = -6*s + 2*s, 3*s + 2*n = 13. Let i(w) = -6*w**2 - 2*w**3 - 7 + 3*w**3 + w + 6*w. What is i(s)?
3
Let y be (2 - 1)/(3/6). Let t be 2 - ((-2)/y)/(-1). Let d(m) = 33*m**2 - 7*m + 2. Let u(s) = -16*s**2 + 3*s - 1. Let w(q) = 2*d(q) + 5*u(q). What is w(t)?
-14
Suppose -3*a + 0*a = 12. Let n(x) = -x**3 - 4*x**2 + 2*x - 1. What is n(a)?
-9
Let x = 16 + -14. Let g(r) = -4*r**2 - 2*r + 1. Calculate g(x).
-19
Let a(p) = -14*p + 26. Let t be 0 + 14 + 6/(-6). Let h = t + -7. Let o(v) = 5*v - 9. Let c(f) = h*a(f) + 17*o(f). Give c(-5).
-2
Let w be (40/(-35))/(4/(-14)). Let k(t) = t**2 - 4*t - 1. Determine k(w).
-1
Let k(f) = -5*f**2 + 9*f + 9. Let c(j) = 3*j**2 - 6*j - 6. Let z(r) = -8*c(r) - 5*k(r). Let m be 80/30 - (-2)/6. Let o be (m*1)/(7 + -8). Determine z(o).
3
Suppose -y = -4*y - 33. Let c = y - -6. Let f(k) = -2*k - 4. Determine f(c).
6
Let q(c) be the third derivative of c**4/12 - 2*c**3/3 - 74*c**2. Suppose 5*u + 6 = -9. Give q(u).
-10
Let a(w) be the first derivative of -w**4/3 - w**3/6 + w**2 - 2*w + 3. Let m(v) be the first derivative of a(v). What is m(-2)?
-12
Let y(p) = -p**3 - 6. Let w(b) = -2*b - b**2 + b - 17 + 0*b**3 - 3*b**3. Let h(k) = -4*w(k) + 11*y(k). Determine h(-3).
-1
Let w be (-60)/16*12/(-9). Let f(x) = -x**2 + 10*x - 2. Determine f(w).
23
Let u(a) = 3*a**2 - 10*a + 3. Let y(c) = -c**2 + c. Let f(h) = -u(h) - 4*y(h). Let b = -3 + 2. Let r = -3 + b. Determine f(r).
-11
Let d(j) = 2*j + 1. Let r be -4 + (1 - (0 - 0)). Let g be ((-1)/r)/(3/(-9)). Calculate d(g).
-1
Let l be (3 + -1)*-1 - -7. Suppose 0 = -l*j + 4*j. Let b(s) = s**3 + s**2 + 10. Calculate b(j).
10
Let s(n) = n**2 + 1. Let l(a) = a**3 - 11*a**2 - a + 6. Let g(v) = -l(v) - 3*s(v). Determine g(8).
-1
Let p be 2/(-4) + 9/(-2). Let s(t) be the third derivative of t**6/120 + t**5/12 - 4*t**2. Give s(p).
0
Let k(a) = -a**2 + 4*a - 5. Let o be k(4). Let u = 7 + o. Let i(l) = l**2 - 2*l**3 + 7 + l + l**3 - 6*l**2 + 0*l**u. What is i(-5)?
2
Let q(l) = l**3 + 6*l**2 + 5*l + 4. Let a be ((-5)/(-3))/((-2)/6). What is q(a)?
4
Let f(u) = -6 - 3 + u + 2. Let j be -3*(-3)/9 - (-2 - -3). What is f(j)?
-7
Let u(c) = -c**2 + c + 4. Let w = 24 + -11. Let z(k) = -2*k**2 + 3*k + 9. Let r(f) = w*u(f) - 6*z(f). Calculate r(-4).
2
Suppose 0 = 3*s - 4*m - 26, 5 = -3*s - 3*m - 4. Let g(u) = -8*u - 44*u**2 + u + 6 + 45*u**s. Give g(5).
-4
Suppose -2*z = -6*z + 44. Suppose z = 2*u + 1. Let w(o) = -4*o**2 + 6*o + 6*o**2 - u*o + 1 + o. What is w(-2)?
5
Let i(t) = 3*t + 1. Suppose 4*a = r + 7, -2*r + 2 = -r + 5*a. Let c be (-19)/5 - r/(-15). Determine i(c).
-11
Let j(h) = h + 13. Let f(g) = -g - 9. Let z(o) = -7*f(o) - 5*j(o). What is z(2)?
2
Suppose 0 = 8*m - 11*m - 12. Let f(s) = -4*s**2 + s**3 + s + 3*s**3 - 5*s**3. What is f(m)?
-4
Suppose 6*b - 15 = -2*x + 3*b, 3*x + 4*b - 20 = 0. Let q(y) = -y**3 + y**2 + y - 12. What is q(x)?
-12
Suppose -k + 4 = k. Let r(o) = -4*o + 6*o + k*o. What is r(-1)?
-4
Let l(p) = p**3 + 4*p**2 - 10*p + 9. Let a be l(-6). Let w(g) = -3*g + 4. Determine w(a).
13
Let j(q) be the third derivative of q**8/20160 - q**7/5040 - q**6/240 + q**5/60 + 3*q**2. Let v(s) be the third derivative of j(s). Calculate v(3).
3
Let i(z) be the first derivative of z**2/2 + z - 7. Give i(-1).
0
Let b(z) = 0*z**2 + 4 - z - 5*z**2 + 1 + 4*z**2. Give b(0).
5
Let o = 19 + -14. Let t(u) = -u**2 + u + 4. Let z(c) = c. Let k(f) = o*z(f) - t(f). Suppose 0 = j + j + 5*p - 2, -4*j = -3*p + 22. What is k(j)?
-4
Let h(o) = -3*o + 13. Let c(i) = -i + 4. Let q(u) = 14*c(u) - 4*h(u). Calculate q(4).
-4
Let k(o) = o. Let i(n) = -n**3 - 2*n**2 + n - 4. Let m be i(-3). Give k(m).
2
Let h(m) = -m**2 + 7*m - 3. Let u be h(5). Let b = u + -7. Let y(f) = -3*f + 7. Let l(n) = n - 1. Let w(k) = -2*l(k) - y(k). Calculate w(b).
-5
Let v(i) be the third derivative of -1/6*i**3 + 1/12*i**5 - 1/6*i**4 + 0 - 1/120*i**6 + i**2 + 0*i. Determine v(3).
5
Let k(x) = -x**2 + 5*x - 4. Let u be 2*((-32)/18 - -2)*9. Determine k(u).
0
Let j = 14 - 17. Let o(v) = -2*v**2 - 3*v + 3. Give o(j).
-6
Let q be (1 + 0)/(1/(-3)). Let d(s) = -s**2 - 2*s + 4. Determine d(q).
1
Let i(c) = 3*c**2 + 3*c + 4. Let w be 14/4 - 3/(-2). Let y(k) = -k**2 - 2*k - 2. Let o(d) = w*y(d) + 2*i(d). Calculate o(5).
3
Let q(d) = -9*d**3 - 8*d**2 - 2. Let w(m) = 4*m**3 + 4*m**2 + 1. Let u(f) = -3*q(f) - 7*w(f). Give u(-4).
-1
Let m(p) = -p**2 - 2*p. Let x = -1 + -4. Let q be (-3)/x + 26/(-10). Give m(q).
0
Let u be (-1)/(-2) + (-5)/(-2). Suppose -2*r + 8 = 5*g, -4*g - u*r = -2*g - 12. Let a(p) = p**2. What is a(g)?
0
Let v(f) = -4*f**2 - 6*f + 1. Let u(o) = o**2 - 1. Let z(m) = 3*u(m) + v(m). What is z(-4)?
6
Let i(w) be the first derivative of w**3/3 + 7*w**2/2 - 3. Suppose 0 = -5*n + 11*n + 30. Give i(n).
-10
Let q(s) be the third derivative of s**4/24 - 2*s**3 + 17*s**2. Calculate q(0).
-12
Let h(k) = k**2 + k + 4. Suppose 0 = -0*o - o. Give h(o).
4
Let q(v) = v + 1. Let h be q(-4). Let x(s) = 1 - s - 6*s**3 + 2*s + 3*s**2 + 7*s**3. Determine x(h).
-2
Let d(s) = -s + 1. Let n(t) be the second derivative of -2*t**3/3 + 11*t**2/2 - 7*t. Let r(z) = -5*d(z) + n(z). What is r(-6)?
0
Let f(x) = 2 - 3*x - x**3 + x**3 - x**3 + 2*x**2. Suppose -3*b = -5*b - 2*p - 4, -3*b - 4*p = 10. What is f(b)?
-4
Suppose 2*l + 0*l + 12 = 0. Let h(z) = z**3 + 6*z**2 + z + 3. Determine h(l).
-3
Let u(t) be the second derivative of -t**4/24 + t**3/3 + t**2 + t. Let w(v) be the first derivative of u(v). Calculate w(5).
-3
Let v be 8/3 + 1/3. Let j(n) = n**2 + 7*n - 10. Let k be j(-10). Suppose -5*q + 5*s = k, -q + 0*q + 2*s - v = 0. Let b(d) = -d**3 - 4*d**2 + 6*d + 7. Give b(q).
2
Let v(t) be the second derivative of t**3/2 + 2*t**2 - 50*t. What is v(-8)?
-20
Let q(k) = -2*k**2 + k + 3. Suppose -z = -3*y - 9, 3*y + 2*y + 7 = -z. Suppose 0*j + 9 = z*j. Calculate q(j).
-12
Suppose -3*f = -3*l - 12, -2*l - 3*l - 8 = f. Let j be 4 - (-1 + (-4)/l). Let k(b) = 4*b**2 - 2*b**3 - 5*b**2 + 3*b**j - 4 + 2*b - 4*b**2. Give k(5).
6
Suppose -2 = 3*z - 2*s + 4, 2*z - 5*s = -15. Let r(h) be the second derivative of -h**4/12 + 3*h**2/2 + h. Determine r(z).
3
Suppose -d + x = -2*x + 6, -4 = -d - 2*x. Let c(l) be the second derivative of 1/6*l**3 + 2*l + d + 1/2*l**2. Determine c(-4).
-3
Let f(q) = q**2 + q. Suppose 2*s + 2*a - 4 = 0, 4*s + a = 4*a - 20. What is f(s)?
2
Let f(w) = w**3 - 3*w**2 + 2*w - 1. Suppose 0 = z + z - 6. Suppose 5*r + 4*l - z = 0, 0 = 3*r + 2*l - 0*l - 3. Determine f(r).
5
Suppose -28 = 5*n + 4*w, -2*w - 3 = 2*n + 9. Let j(x) = -x**3 - 4*x**2 + x + 2. Determine j(n).
-2
Let k(s) be the third derivative of -s**4/12 - s**3/2 + 2*s**2 - 13*s. Calculate k(4).
-11
Let r(q) be the third derivative of -q**7/840 - q**6/72 - q**5/24 - q**4/6 + 2*q**3/3 - 3*q**2. Let m(h) be the first derivative of r(h). What is m(-4)?
0
Let z(k) = 9*k**3 + 2*k**2 + 2*k + 1. Let c(b) = -b**2 - 5*b + 4. Let p be c(-5). Suppose 0*d + p = -4*d. Give z(d).
-8
Let f(l) be the second derivative of l**3/6 - l. Let s be (37/(-111))/((-1)/(-12)). Give f(s).
-4
Let k(f) = 9*f**2 - f + 1. Let y be k(1). Suppose -5*o + y = 24. Let c(u) = u + 3. Determine c(o).
0
Let d(s) = s**3 + s**2 + s + 16. Let w(a) = a**2 + 4*a + 3. Let q b